ors of h.
2, 3
Suppose 2*f - 3*o = -0*f - 13, -2*o = 5*f + 42. Suppose -5*p + 1 + 4 = 0. What are the prime factors of ((-10)/8)/(p/f)?
2, 5
Suppose 2*a + t - 109 + 346 = 0, -4*a - t - 479 = 0. Let p = a - -51. What are the prime factors of 3/(-2)*p/15?
7
Suppose 0 = -t + 3*t. Suppose -2*x + 4 + t = 0. Suppose -8 = -x*y + 2*s, 4*y - 2*s = -0*y + 20. What are the prime factors of y?
2, 3
Let d = 4 + -1. Suppose 0 = d*i - 8*i + 90. What are the prime factors of i?
2, 3
Let r be (-60)/(-35) - 4/(-14). Let m be (16/(-3))/(r/(-12)). Suppose -3*t - 3*o + 20 = -4*o, m = 5*t - 3*o. List the prime factors of t.
7
Suppose 0 - 5 = 5*w. Let i be w*(3 - 0)*-3. Suppose -3*m = -2*m - 4*v + i, 4*m - 2*v = 6. List the prime factors of m.
3
Let a = -34 - -176. List the prime factors of a.
2, 71
Let x = 0 - -1. Suppose 3*r = x + 8. Suppose -34 = -r*n + 4*k, -50 = -5*n + 4*k + k. What are the prime factors of n?
2, 3
Let y be (-3)/(-9) + 25/15. Suppose d - 4*o - 22 = -y*o, 2*d = 3*o + 46. What are the prime factors of d?
2, 13
Suppose 0 = w + 5*g - 131, 20 = -4*g - 0*g. Suppose 0*r - 4*r = -w. List the prime factors of r.
3, 13
Let p(x) = 9*x. Let f = 2 - 4. Let o be p(f). Let q = -9 - o. What are the prime factors of q?
3
Suppose -6 + 6 = 7*q. Let k(n) = 2*n - 6. Let c be k(4). List the prime factors of q + (20 - c/(-1)).
2, 11
Let o = 163 + -69. List the prime factors of o.
2, 47
Let q = -63 + 103. What are the prime factors of q?
2, 5
Let u be -2 - (-6)/(-4)*-6. Let b be (4/(-6))/(1/(-6)). Suppose -u*v - 2*l + 5 = -b*v, -3*v + 25 = -2*l. What are the prime factors of v?
5
Let n = 10 - 7. Suppose k = 5*v + 70, -n*v + 4*k - 42 = -0*v. Let y = v + 23. What are the prime factors of y?
3
Suppose 0 = -6*v + v. Suppose v = -2*f - 5*h + 41, -7*f + h = -4*f - 87. List the prime factors of f.
2, 7
Suppose 10*i = 14*i - 308. What are the prime factors of i?
7, 11
Suppose 4*g = -y + 4*y - 578, -2*y - 2*g + 362 = 0. List the prime factors of y.
2, 3, 31
Let p(v) = -v + 3. What are the prime factors of p(-9)?
2, 3
Let l(g) be the second derivative of -g**5/20 + g**4/12 + g**3/6 - 21*g**2/2 + 2*g. Let t be l(0). Let h = -9 - t. What are the prime factors of h?
2, 3
Let l(m) = 3*m**3 - 6*m**2 + 5*m - 11. What are the prime factors of l(5)?
239
Suppose 0 = 2*n + 4 + 2. Let r be 0 + 1/(n/(-6)). Suppose 5*h - r*b = 50, -3*b + 15 + 0 = 0. List the prime factors of h.
2, 3
Suppose -h + 3 = -2, 2*a = 4*h - 52. Let r be (-2)/3 + a/12. List the prime factors of (r/4)/((-4)/16).
2
List the prime factors of (-21)/(-6)*(-20)/(-35).
2
Let v(d) = 82*d + 1. List the prime factors of v(4).
7, 47
Let s(t) = 2*t**2 + 16*t + 25. What are the prime factors of s(9)?
331
Suppose 2*s - 5*x - 179 = 0, s + 5*x - 174 = -47. List the prime factors of s.
2, 3, 17
Let f = -23 - -43. What are the prime factors of f?
2, 5
Let q = 39 + -11. List the prime factors of 2/(-7) + 624/q.
2, 11
Suppose 4*i - i - 9 = 0. Suppose 60 = 6*r - r - 4*b, i*r = 5*b + 36. What are the prime factors of r?
2, 3
Suppose -5*r = 2*p - 23, -2*p + 13 = -p + 3*r. Suppose -2*y - p*y + 114 = 0. What are the prime factors of y?
19
Suppose -4*i + 12 + 4 = 0. Suppose -6 = -3*x, -4 - 12 = -4*a - i*x. Suppose -7*f + 40 = -a*f. List the prime factors of f.
2
Let s be 25 - (0 - 2 - -5). Let f(x) = 4*x. Let g be f(2). Suppose -3*y = -s - g. What are the prime factors of y?
2, 5
Let z(f) = 8*f - 11. List the prime factors of z(4).
3, 7
Let l(f) = -f**3 + 6*f**2 - 5*f + 3. Let d = 2 - -3. Let k be l(d). Suppose k*q = -5 + 35. What are the prime factors of q?
2, 5
Let s = 0 + -5. Let k(f) = f + 12. What are the prime factors of k(s)?
7
Suppose 0 = -2*s + 3 - 5. Let q(r) = 2*r**3 - r. Let a be q(s). List the prime factors of (a + 0)/((-1)/11).
11
List the prime factors of (-2)/8 - (-9)/36*1277.
11, 29
Let a(j) = -j + 10. List the prime factors of a(-6).
2
Suppose -6*x + 26 = 2*q - 2*x, 3*x = -12. Let n = q + -18. List the prime factors of n.
3
Let g(s) = 7*s - 3 + 0*s**3 - s**3 - s**3 + s**3 + 5*s**2. Let y be g(6). Suppose -y*d + 2*j = -32, -4*d + 62 = -d + 4*j. List the prime factors of d.
2, 7
Suppose 70 = h + 4*n, 158 + 62 = 4*h + n. List the prime factors of h.
2, 3
Let n(c) = c + 1. Let i(k) = k**3 + 5*k**2 - 5*k - 7. Let f(w) = i(w) + 4*n(w). What are the prime factors of f(-4)?
17
Let w be (-2)/10 - 287/(-35). Suppose 40 = 3*t - w. List the prime factors of t.
2
What are the prime factors of (-104)/(-12) - 6/9?
2
List the prime factors of ((-61)/(-3))/(26/78).
61
Suppose -4*v = 3*u - 1 + 57, 2*v - 28 = 2*u. Let t be (u/24)/((-2)/(-48)). Let r = 33 + t. What are the prime factors of r?
17
List the prime factors of 2/(2 + (-2400)/1206).
3, 67
Let v(t) = -t**2 - 12*t + 14. Let y = -19 - -7. List the prime factors of v(y).
2, 7
Suppose 0 = k - 5*k + 8. Suppose k*c + 19 = 3*c. Suppose -2*j - 3 = -c. What are the prime factors of j?
2
Let r = -3 + 7. Suppose -4*t = -3*h - 4 - 9, t - 5 = -h. What are the prime factors of t/(-3)*(-30)/r?
2, 5
Suppose 3*k - 16 = 50. List the prime factors of k.
2, 11
Suppose -2*g - 10 = 0, -n = 2*n + g - 10. Suppose -2*h = 5*i + 41, n*i + 20 = i. What are the prime factors of h/(-12) - 31/(-3)?
11
Let h = 803 - 490. What are the prime factors of h?
313
Suppose -5*t - 9 = -64. Suppose 5*k = -0*k + p + t, 4*k - 2*p = 4. What are the prime factors of k?
3
Let p(f) = -15*f + 1. Let v be p(-1). Suppose -v = -2*h - 4. List the prime factors of h.
2, 3
List the prime factors of (462/(-55))/(2/(-5)).
3, 7
Let y(q) = q**3 - 7*q**2 + 7*q - 3. Let f be y(6). Suppose -4*r + r - j = -28, f*r - 2*j = 43. What are the prime factors of r?
11
Let u be -2 + 3 - 1*-2. Let m(c) = -2 + 3*c**u + c**3 - 4*c**2 + 3*c**2 - 5*c**3. List the prime factors of m(-2).
2
Let d(x) = 9*x**2 - 3*x**3 - 1 - 2*x + 7*x**3 - 3*x**3 - 2*x**2. List the prime factors of d(-7).
13
What are the prime factors of 1329/11 + (-8)/(-44)?
11
Let d = -16 + 20. What are the prime factors of d?
2
Suppose 2*x + x + 37 = 5*s, s - 1 = -x. Suppose -h - 8 = -s*h. What are the prime factors of h?
2
Let o = 13 - 22. List the prime factors of 17 - 5/((-15)/o).
2, 7
Let t = -6 - -11. Suppose 0 = 5*b - t*m + 35, 3*m = 4*m + 5. Let l = -4 - b. List the prime factors of l.
2
List the prime factors of ((-21)/(-2) - -1) + (-18)/(-12).
13
Let r = 82 - 74. What are the prime factors of r?
2
Suppose -x - 1 = -5*g, -g + 2*x + x - 11 = 0. Suppose 0 = h - 21 + g. What are the prime factors of h?
2, 5
Suppose 278 = 2*z - 170. What are the prime factors of z?
2, 7
Let c(l) = l**2 - 6*l - 7. Let r be c(8). Suppose r = o - a, -3*o + 11 + 8 = -a. Suppose 3*z = 4*u - 43, -o*u - z - 2*z = -74. List the prime factors of u.
13
Let h = 13 + 11. Let r = h + -13. List the prime factors of r.
11
Let y be (-141)/12 + 2/(-8). Let x = y + 17. Suppose -f - f + 12 = 4*b, 4*b = -x*f + 18. What are the prime factors of f?
2
Let r(o) = 4*o. Let c be r(3). What are the prime factors of (3 - (-1)/(-2))*c?
2, 3, 5
Let g be -13 + (1 - -2 - 3). Let o = 8 - g. List the prime factors of o.
3, 7
Let h be 2/2 - (3 + -1). Let q be (h - -2)/(3/18). Let p(a) = -a**2 + 8*a - 9. What are the prime factors of p(q)?
3
Let h(c) = c**3 + 5*c**2 + 5*c + 3. Suppose 5*q = -3*i - 12, -8 + 4 = i - 5*q. Let w be h(i). Let r(d) = -18*d + 1. What are the prime factors of r(w)?
19
Let r(g) = 2*g**2 + 3*g + 5. What are the prime factors of r(-6)?
59
Suppose 2*q = 4*r + 90, 2*r + 192 = 2*q + 2*q. Suppose 4*k + 2*n = -3*n + 97, 3*k = n + q. List the prime factors of k.
2, 3
Suppose -4*h = -b - 227, 2*h = 3*h + 5*b - 41. Let u = h - -4. List the prime factors of u.
2, 3, 5
Let p(c) = -6*c - 16. Let j(s) = -6*s - 16. Let w(a) = 6*j(a) - 5*p(a). What are the prime factors of w(-9)?
2, 19
Let f(w) = -3*w - 3. Let y be f(-2). Let q = 4 + y. What are the prime factors of q?
7
Suppose l = -3*i - 10, -3*l + 0*i + 3*i = 42. Suppose 45 = -3*p - 21. Let j = l - p. What are the prime factors of j?
3
Let f(m) = m**3 - 15*m**2 - 6*m + 24. What are the prime factors of f(16)?
2, 23
Let n = 45 - 20. Let h = n - 14. What are the prime factors of h?
11
Let p = 3 - -6. Suppose p = 2*a - a. List the prime factors of a.
3
Let f = -3 - -3. Suppose -74 = -4*v + 3*i, 3*v - 5*i - 27 = 23. Suppose f*k - k - v = 5*d, -4*k - 3*d + 5 = 0. List the prime fa